z = -h + 162. What is the units digit of z?
0
Suppose -z + 4*z - 15 = 0. Suppose o = -3*i + 113, 0 = -4*o + 5*i - 100 + 501. Suppose w + o = z*w. What is the tens digit of w?
2
Let t = -793 - -1539. What is the units digit of t?
6
Let y(f) = 4*f - 11. Let q be y(7). Let p = -23 + q. What is the tens digit of ((-14)/6)/(p/72)?
2
What is the hundreds digit of (7 + -2122)*(-10)/25?
8
Let c(h) = -2*h**3 + h**2 - 4*h - 4. Let y be c(-2). Let k be (-16)/(-56) + y/14. Suppose 5*q + 3*v - 20 = 3*q, 3*v + 20 = k*q. What is the tens digit of q?
1
Let x = 2 - 9. Let j(w) = 1. Let c(k) = 6*k + 4. Let t(p) = -c(p) + 6*j(p). What is the units digit of t(x)?
4
Let q(o) = 119*o**2 - 3*o - 3. What is the tens digit of q(-3)?
7
Suppose g + 4*u = 826, -6*g - 4*u + 4194 = -g. Suppose 2*w = 7*w + 5, 0 = 5*p + 3*w - g. What is the units digit of p?
9
Let p be (-1)/(-2) + 81/18. Suppose 4*w + 20 = p*w. What is the units digit of w?
0
Suppose -11 - 10 = -5*w + 3*a, -3*a = -3*w + 15. Let l(j) = -6*j**3 + 4*j**2 + 13*j + 19. Let c be l(-2). Suppose 0*h = -w*h + c. What is the units digit of h?
9
Suppose 0 = 7*o - 3*o - 140. Suppose -o*m = -30*m - 455. What is the tens digit of m?
9
Let m(j) = 58*j**2 - 4*j + 1. What is the tens digit of m(2)?
2
Suppose -8*s = -20*s + 3720. What is the hundreds digit of s?
3
Suppose t - 4 = 3*a - 5, 5*a = -2*t - 2. Suppose d - 5*d + 440 = 0. Suppose -4*q - q + d = a. What is the units digit of q?
2
Let i be 1/(-3 + (-32)/(-12)). Let k(y) = 3*y**3 - 2*y + 0*y**2 - 4*y**3 + 4 - 2*y**2. What is the units digit of k(i)?
9
Let o be (-632)/(-20) - (-2)/5. Let n be (-3)/6*(o + 2). Let b = n + 21. What is the units digit of b?
4
Suppose 0 = -4*d + 5*q - 4*q + 4856, 3*q = d - 1214. What is the tens digit of d?
1
Let r(u) be the second derivative of 5*u**3/6 + 15*u**2/2 + 14*u. What is the units digit of r(-2)?
5
Suppose 12*x + 6072 = 3*k + 7*x, 2*k - 4046 = 4*x. What is the hundreds digit of k?
0
Let s = 18 + -10. Let t be 1/2 - (-87)/(-2). Let r = s - t. What is the units digit of r?
1
What is the tens digit of -2 + (-48)/(-28) - (-1710)/7?
4
Let k = 5 - 1. Let g(z) = 2*z**2 + 10*z - 8. Let o be g(-6). Suppose -i + 3*x - 180 = -k*i, -o*i + 3*x = -275. What is the units digit of i?
5
What is the thousands digit of (5*9/30)/((-3)/(-2438))?
1
Let d(l) = l**3 + 14*l**2 - 6*l - 1. Suppose 4*k - 11 + 67 = 0. What is the tens digit of d(k)?
8
Suppose -3*t - 3*a + 936 + 168 = 0, -2*t - a + 739 = 0. What is the hundreds digit of t?
3
Let k be 5*43/(-2)*-2. Let w be 294/(-2) - (-7)/35*-15. Let y = w + k. What is the units digit of y?
5
Let a(u) = -2*u**2 + 18*u + 4. Let n be a(9). What is the tens digit of 389/n - (-3)/4?
9
Let f be 96 - (-1 + 6 - 4). Suppose 3*h = -2*h + f. What is the tens digit of 98/4*(h + -17)?
4
Suppose -v = -5*v + 660. Suppose 6*c - 3*c = v. Let i = c - -5. What is the units digit of i?
0
Suppose 3*q - 2*q - 11 = -2*m, -m + 2*q = 7. Suppose 5*n - 30 = m*u, 3*n - u - 30 = -2*n. What is the units digit of n?
6
Let t = 3427 + -2119. What is the tens digit of t?
0
Suppose -5*t = 3*h + 8 - 64, 4*h - 2*t = 118. Let o be (-75)/(-27) + 6/h. Suppose 0 = -5*d + o + 17. What is the units digit of d?
4
Suppose 4*a - 12044 = 3*b, 5*a - 2*b - 750 = 14305. What is the thousands digit of a?
3
Let m(u) = u - 3*u + 50 + 8*u - 4*u. What is the tens digit of m(0)?
5
Suppose 0*t + 3*t = b - 1568, 4*t - 6352 = -4*b. What is the units digit of b?
3
Let j(v) = -8*v**3 + v**2 - v + 1. Let u be j(1). Let f(r) = 2*r + 6. Let a be f(u). What is the tens digit of (-146)/a - (-6)/8?
1
Suppose -5*a = 5*j - j + 138, 0 = 3*a - 3*j + 72. Let x = a - -21. What is the units digit of (-100)/(-2) + (-1 - x)?
4
Let m(r) = -3*r - 20. Let l be m(-8). Suppose -4*b + 55 = -3*b - 3*q, -2*q = -l. What is the units digit of b?
1
Let y(r) = -r**2 - 8*r - 3. Let c = -15 - -9. Let m be y(c). Suppose -a = 3 - m. What is the units digit of a?
6
Let i be (-57)/5 - 2/(-5). Let h(q) be the third derivative of -q**4/24 + 5*q**3/3 - 4*q**2. What is the units digit of h(i)?
1
Suppose 2*k - 85 = 527. What is the units digit of k?
6
Suppose 5 = 3*l - 7. What is the units digit of (6/6*l)/((-6)/(-57))?
8
Suppose 3*r - 35 = 8*r. Let n = 14 + r. What is the tens digit of (-184)/(-7) + (-2)/n?
2
What is the units digit of (-50)/1*9/(-6) - 3?
2
Let d(b) = -b**2 - 14*b - 21. Let k be d(-12). Suppose -k*u - 85 + 658 = 0. What is the units digit of u?
1
Suppose -3*g + 10 = -5*d, -33 = -d - 5*g - 7. Let f(n) = -n**2 + d - 2*n - 2*n**2 + 4*n + 4*n**3. What is the tens digit of f(2)?
2
Suppose -5*f + 308 + 2307 = 5*r, 2*f = -r + 1051. What is the tens digit of f?
2
Suppose 0 = 4*w + w - o - 10450, -w = -o - 2090. What is the thousands digit of w?
2
Suppose 0 = -0*i - i - 2*m + 24, 16 = 4*m. Let l = i - 8. What is the tens digit of (22/l)/((-3)/(-12))?
1
Let c be (0 - (-56)/6)*(-12)/(-14). Suppose -c*i = -505 - 1079. What is the units digit of i?
8
Let p be ((-31)/2)/((-3)/6). Suppose -235 + p = 4*g. Let l = g + 83. What is the units digit of l?
2
Suppose -20*z = -5*z + 165. Let a(y) = 1 - 2*y + 0*y - 3*y. What is the units digit of a(z)?
6
Let f(h) = 2*h**3 - 9*h**2 + 11*h + 9. What is the units digit of f(5)?
9
Suppose 2*g + 5*r - 35 = -1, 2*r = 4*g - 116. Suppose -4*d = -4*j + 88, g = j - 2*d + 9. What is the tens digit of j?
2
What is the units digit of 3/2*(69058/33 - 14)?
8
Let z(n) = -2*n**3 - n**2 + n + 1. Let p be z(2). Suppose -4 = 2*j, 5*q - j = 43 + 54. Let o = q - p. What is the tens digit of o?
3
Let d be 12/(-42) - (-46)/14. Suppose h = 3*u + d, -u - 57 = -3*h - 4*u. What is the tens digit of h?
1
Suppose 5*u = -0*u - 5. Let k(v) = v**2 - 2*v + 1. Let j(g) = -1. Let o(a) = u*j(a) + k(a). What is the units digit of o(-4)?
6
Let u(w) = w - 7. Let v be u(9). What is the units digit of 84/(1/(v - 1))?
4
Let w = -7 + 11. Let c = w - -3. Suppose -4*o + 37 = -c*z + 2*z, -3*z = 5*o - 74. What is the units digit of o?
3
Let o be -2*2/12*-54. Let u be 10/(-40) - o/(-8). Suppose -3*f + 0*s = -s - 90, -74 = -u*f - 4*s. What is the units digit of f?
1
Let y = -66 + 68. Suppose 211 = 5*z - 0*z - 4*a, 3*a + 90 = y*z. What is the tens digit of z?
3
Let m(o) = 3*o - 10. Let n be m(4). Suppose n*j = -3*j + 420. What is the units digit of (18/7)/(18/j)?
2
Suppose -2*f - 5 = 5, z - 413 = 5*f. Suppose 4*b - 4*i - z = 0, 2*b + 5*i - 202 = 3*i. Let m = -53 + b. What is the tens digit of m?
4
Let m(n) be the first derivative of n**4/4 - 5*n**3 - 7*n**2 - 17*n + 30. What is the units digit of m(16)?
5
Suppose 0 = -w - 2*w + 141. Let z = w - -2. What is the tens digit of z?
4
Suppose -135*m + 132*m + 1575 = 0. What is the hundreds digit of m?
5
Let p(h) = h**2 - h + 2. Let u be p(2). Suppose -z - u = -1. What is the units digit of 49 + (1 + z - -1)?
8
Suppose 5*p - 23 = 4*q, 7*q - 2*p + 38 = 3*q. Let m(j) = 2*j**2 + 13*j - 14. What is the hundreds digit of m(q)?
1
Let l be 14/(-20)*-4 + 3/15. Suppose -5*s - 4*g + 342 + 279 = 0, -l*g = -5*s + 593. What is the tens digit of s?
2
What is the units digit of 2/4 + (20930/28 - -14)?
2
Suppose u - 6*u + 2035 = 5*s, -5*u - 407 = -s. What is the hundreds digit of s?
4
Let i = -39 - -39. Let r be 20/4 + i - 1. Suppose -k = o - 55, -5*o - r*k + 293 = -5*k. What is the tens digit of o?
5
Suppose -4*m - 2145 = -7433. What is the hundreds digit of m?
3
Let v be -14*(-3)/6 + -3. Suppose 4*j = -v*x + 716, 4*j = -4*x + 8*j + 700. What is the units digit of x?
7
Let p(i) be the first derivative of -i**3/3 + 15*i**2/2 + 7. Let a be p(8). What is the tens digit of ((-58)/8)/((-14)/a)?
2
Let j(r) = r**2 + 14*r + 4. Let p be j(-11). Let a = p - -54. Let f = -9 + a. What is the tens digit of f?
1
Let a(z) = 2*z**2 + 23*z + 5. What is the hundreds digit of a(-27)?
8
What is the units digit of -19*(-4 + 6 + -15) - 3?
4
Let a(v) = -v**3 + 3*v**2 + 4. Let y be a(3). Let f be 15/y + (-1)/(-4). What is the units digit of 1*((-12)/4 + f)?
1
What is the tens digit of (1/4)/(((-42)/(-23064))/7)?
6
Suppose 0 = 5*y + 41 - 26. What is the units digit of (-10318)/(-66) + 4/y?
5
Let a(v) = 2*v - 13. Let b be (15/(-30))/((-2)/32). Let n be a(b). What is the tens digit of 616/24 - 2/n?
2
Let o be (-3 - -7)/2 + -2. Suppose o = -2*l + 1 + 3. Suppose -34 = -l*d + 8. What is the tens digit of d?
2
